ts digit of q?
5
Let n(q) = -3*q**3 - q**2 - q. Let p be n(-1). Suppose 0 = -8*d + p*d + 230. What is the tens digit of d?
4
Suppose -4*t + 738 = -570. What is the units digit of t?
7
Let u(j) be the second derivative of j**4/12 + 5*j**3/6 + 5*j**2/2 + 3*j. What is the units digit of u(-5)?
5
Suppose 2*y + 8 = 6*y. Suppose -4*k - 5*l + 23 = 0, -4*k + y*l + 63 = -l. What is the tens digit of k?
1
Suppose 22*l - 325 = 17*l. What is the units digit of l?
5
Let p(h) = -h**2 + 23*h + 31. What is the hundreds digit of p(11)?
1
Let l = 38 - 22. Suppose 2*q + l = 4*m + 2, -4*q - 10 = m. Suppose 48 = 3*i + w + m*w, 4*w = -2*i + 36. What is the tens digit of i?
1
Suppose -30 - 86 = -2*f. What is the tens digit of f?
5
Let k(i) be the third derivative of 1/120*i**6 + 0 + 5/6*i**3 - 1/24*i**4 + 0*i + 3/20*i**5 + i**2. What is the units digit of k(-9)?
4
Suppose 0 = -h - 0*h. What is the units digit of (-2 - h)/((-8)/20)?
5
Let c be 4/((-24)/(-45))*-2. Let t be (-3)/2*(-230)/c. Let h = 37 + t. What is the tens digit of h?
1
What is the hundreds digit of (-20)/8*(-214)/5?
1
Let b = -3778 - -5299. What is the tens digit of b/27 + (-1)/3?
5
Let h(s) = -s**3 + 13*s**2 - 2*s - 21. What is the units digit of h(9)?
5
Let n = -88 + 152. What is the tens digit of n?
6
Suppose -5*b + 7 = 32. Let u = b + 8. Let j = 11 - u. What is the units digit of j?
8
Suppose -2 + 1 = m. What is the units digit of (-3)/m + (33 - 3)?
3
Suppose 2*y - 40 = -4*z, 2*z - z - 16 = -y. What is the tens digit of y?
1
Let v = 0 + 0. Suppose -4*i - 3*f + 3 = -v*i, -2*f - 6 = 0. What is the units digit of i?
3
Suppose 3*v = -5*p - 30, -p + v - 19 = -5. What is the units digit of (60/p)/((-2)/3)?
0
Suppose 0 = -3*z - 31 + 91. What is the tens digit of z?
2
Let j = -29 + 48. Suppose 2*p - p = j. What is the units digit of p?
9
Let v = -6 + 11. Suppose -29 = -2*l - v*p, -l + p - 4*p + 14 = 0. Suppose -5*q + 4*d = -l, -4*q + 3*q - 4*d - 11 = 0. What is the units digit of q?
1
Let c = -41 - -262. What is the units digit of c?
1
Let t = 9 + -8. What is the units digit of (2/(-2))/(t/(-7))?
7
Let t(g) = g**2 + 2*g - 3. Let a be t(-4). Suppose -5*o = -a + 65. What is the units digit of 16/6 - 4/o?
3
Let a = 11 + -13. What is the units digit of (a/(-3))/((-14)/(-147))?
7
Suppose -5*l + 3*n = -16, 2*l + 2*n + 10 = 5*l. What is the tens digit of (-22)/1*(-1)/l?
1
Suppose -4*b + 5*x + 25 = -6*b, -4*x = -3*b + 20. Suppose b = -2*g - 0*g + 26. What is the tens digit of g?
1
Let b = 550 - 311. What is the units digit of b?
9
Suppose 144 = 4*j + 4*o - 160, o = 3*j - 212. What is the tens digit of j?
7
Let a = -3 - -2. Let w = a - -4. Suppose 0 = w*c - 0*c - 60. What is the units digit of c?
0
Let v = -5 + 8. Suppose v*q + q - 4 = 0. What is the tens digit of (-2)/4*-22 - q?
1
Let o(u) = u**3 + 6*u**2 - u - 2. Let j be o(-6). What is the units digit of -2 + (j - 0) - -1?
3
Suppose u + 0 = -5*n - 11, -4*n - 12 = 0. Suppose u - 9 = -5*c. What is the units digit of c/(-1)*1 - -6?
5
Let h be (4/(-6))/((-12)/54). Let w(d) = 1 + 2*d**3 - 6*d**3 + 10*d**2 - 5*d**2 + h*d**3. What is the units digit of w(5)?
1
What is the hundreds digit of (-828)/(-8) - 6/4?
1
Let y(n) = n + 1. Let z be y(-4). Let r = z - -4. What is the units digit of r?
1
Suppose 0 = g - 5*z + 2, 0 = -z - 2*z - 15. Let d = 49 - 10. Let o = d + g. What is the units digit of o?
2
Let w be (-39)/15 + 4/(-10). What is the tens digit of 1 + 39/w*-3?
4
Suppose r - 6*r + 15 = 0. Suppose r*t - 4*t + 21 = 0. What is the units digit of t?
1
Let y = 5 - 3. What is the units digit of 1 + -1 - (1 - y)?
1
Suppose -12*t + 1145 = -307. What is the units digit of t?
1
Suppose 3*z = -4*z + 1309. What is the units digit of z?
7
Let l = 3 + -4. Suppose f - 2 = 3*z, -4 = 5*z + f - 2*f. What is the tens digit of (z/3)/(l/45)?
1
Let k(w) be the second derivative of -w**3/2 - 5*w**2/2 - 2*w. Suppose 4*l + 2 = -14. What is the units digit of k(l)?
7
Let a(w) = 3*w**2 + 24*w - 11. What is the hundreds digit of a(8)?
3
Suppose 0 = 4*y - 2*y - 10. Let i(w) = 3*w**2 - 32*w - 2. Let d(m) = m**2 - 11*m - 1. Let t(p) = 11*d(p) - 4*i(p). What is the units digit of t(y)?
7
Let s(y) = -y**3 + y**2 + y + 14. Suppose 5 = -4*l - l. Let c = -1 - l. What is the tens digit of s(c)?
1
Let n = -2 + 4. Suppose -6 - n = -4*x. Suppose 0 = x*q - 6*q + 8. What is the units digit of q?
2
Let w(o) = -7*o + 1. Let u(b) be the second derivative of b**3/6 - 5*b**2/2 - 2*b. Let f be u(4). What is the units digit of w(f)?
8
Let h(o) = -o**2 + 1. Let n be h(1). Suppose 2*k - 4*k + 4*z + 2 = 0, -k + z + 4 = n. What is the units digit of k?
7
Let a(x) = -3*x - 3. Let z be a(-3). Suppose 3*q = 5*q - z. Suppose 0 = -q*c + 3 - 0. What is the units digit of c?
1
Let f be (-6)/(-2)*8/6. Let w(s) = -2*s - 7. Let y be w(-5). Suppose 23 = -k - 5*i, -f*k - 2*i = -i - y. What is the units digit of k?
2
Let j(h) = h**3 + 3*h**2 - 3*h + 3. Let b be j(-3). Suppose 0 = 3*a + 15, -3*u + a = 4*a + b. Let w = u - 0. What is the units digit of w?
1
What is the units digit of (59 + 3)/2 - -2?
3
Suppose -5*w - 2*m = -63, -2 + 23 = 2*w + 5*m. What is the units digit of w?
3
Suppose -j + 11 + 14 = -4*z, -4*j + z = -25. Suppose -5*u + 8 = 3*c - j, -30 = -2*c + 2*u. What is the units digit of c?
1
Suppose -2 - 4 = -q. Let g = q + -9. What is the tens digit of (g/6)/(2/(-64))?
1
Let w(i) = i**2 - 7*i - 12. Let g(h) = -h**2 + 8*h + 13. Let r(t) = 2*g(t) + 3*w(t). Let d = -17 + 24. What is the units digit of r(d)?
4
Suppose c + 0 = -l + 4, 0 = l + 5. What is the units digit of 2*1*(-5 + c)?
8
Let c(s) = -s + 4. Let k(d) = d - 3. Suppose 2*y - 2 = 4. Let m be k(y). What is the units digit of c(m)?
4
What is the tens digit of (11 - 7) + -1 + 21?
2
Let n(w) be the second derivative of 7*w**4/6 + w**3/6 - w. Suppose -11*l = -7*l - 4. What is the units digit of n(l)?
5
Let k(s) = s**3 + 6*s**2 - 6*s + 12. What is the units digit of k(-7)?
5
Let n = -6 + 11. Suppose 4*j - 24 = -4. Suppose -3*c - q + 2*q + 20 = 0, n*c = -j*q + 40. What is the units digit of c?
7
Suppose 4*f - 5*f + 4 = 0. Let d = 0 + 2. Suppose f*a - d*a = 12. What is the units digit of a?
6
Suppose -2*s - 4*q = 69 - 327, -2*s + 250 = 2*q. What is the units digit of s?
1
Let n(p) = 12*p**3 + p + 1. Let a(f) = -f**2 + 3*f - 3. Let m be a(2). Let d be n(m). What is the units digit of 4*1/(d/(-27))?
9
Suppose -2*n + 128 = 2*n - 2*t, 0 = 5*t - 20. What is the units digit of n?
4
Suppose -2*b - 181 = -3*k, 301 = 5*k - 8*b + 4*b. Suppose 3*s - k - 107 = 0. What is the units digit of s?
6
Let m = -6 + 7. Suppose 0 = -2*r + 35 - m. What is the tens digit of r?
1
Suppose -25 - 3 = -4*g. What is the units digit of g?
7
Suppose -2*n + 149 = 2*z - 135, 0 = 2*z + 4*n - 286. What is the hundreds digit of z?
1
Let l = -3 + 4. What is the units digit of (l/2)/((-1)/(-10))?
5
Suppose 5*p = 2*p + 9. Let b = p - 0. Suppose -2 - 3 = -b*i + 2*s, -5*s = 3*i - 40. What is the units digit of i?
5
Let u be (45/(-25))/((-1)/5). Suppose 0*n - u = -n. Suppose -7*g + 3*k = -2*g - 6, -g + 4*k - n = 0. What is the units digit of g?
3
Let u(r) = r - 2. Let g be u(2). Suppose 6*y + g*y - 36 = 0. What is the units digit of y?
6
Let g(l) be the first derivative of -3/2*l**2 - 2 + 0*l. What is the units digit of g(-1)?
3
Let h = 105 - -71. What is the tens digit of h?
7
Let q be 10/14 + (-4)/(-14). Let s(w) = 2*w**2 - 6*w + 2. Let m be s(4). What is the units digit of m - (3/3 - q)?
0
Let l be (-20)/(-12)*(-6)/2. Let k(r) = -r + 5. What is the tens digit of k(l)?
1
Suppose -21 = -3*c - 0*c. What is the units digit of c?
7
Suppose 6*k - i = k + 7, 0 = 5*k - 4*i + 2. Suppose k*j + 3*j - 55 = 0. What is the units digit of j?
1
Let h = 6 - 3. Suppose h + 0 = m. What is the units digit of m/1 + 2 + 3?
8
Suppose -3*o - 5*f + 45 = 2*o, 0 = -4*f. Suppose 4*b - o = 15. What is the units digit of b?
6
Suppose 0 = -0*j + 3*j. Suppose j = -o + 3*o - 30. What is the tens digit of o?
1
Let x(o) = o**3 + 4*o**2 + 2*o + 4. Let y be x(-4). Let r(c) be the second derivative of c**4/12 + c**3/2 + c**2 + 2*c. What is the units digit of r(y)?
6
Let w(u) = -u**2 + 10*u - 3. What is the units digit of w(7)?
8
What is the units digit of 15/5 - (-178)/1?
1
Let r = 32 + -23. Let d = 18 - r. What is the units digit of d?
9
Let m(